rue
Is 3220 a multiple of 14?
True
Does 13 divide 312?
True
Is 84 a multiple of 12?
True
Is 18 a factor of 2121?
False
Is 9 a factor of 585?
True
Does 57 divide 171?
True
Is 3 a factor of 147?
True
Does 197 divide 22458?
True
Is 27 a factor of 26236?
False
Is 40 a factor of 2360?
True
Is 10447 a multiple of 4?
False
Does 24 divide 16485?
False
Is 1692 a multiple of 18?
True
Is 77 a factor of 462?
True
Does 19 divide 30134?
True
Does 12 divide 3336?
True
Is 8 a factor of 123?
False
Is 11 a factor of 5005?
True
Does 25 divide 116?
False
Is 2 a factor of 519?
False
Is 7680 a multiple of 12?
True
Is 60 a factor of 2280?
True
Is 20 a factor of 13220?
True
Does 43 divide 1978?
True
Is 26 a factor of 1354?
False
Is 17 a factor of 1615?
True
Is 94231 a multiple of 16?
False
Is 24 a factor of 648?
True
Does 42 divide 93748?
False
Is 566 a multiple of 41?
False
Does 5 divide 731?
False
Is 39 a factor of 4095?
True
Is 5726 a multiple of 14?
True
Does 64 divide 7744?
True
Is 3710 a multiple of 14?
True
Is 4 a factor of 1652?
True
Does 16 divide 353?
False
Does 35 divide 1827?
False
Does 23 divide 11937?
True
Is 16 a factor of 212?
False
Is 66 a factor of 3828?
True
Is 12 a factor of 12221?
False
Is 10 a factor of 9402?
False
Is 139 a factor of 22331?
False
Is 65 a factor of 1386?
False
Is 521 a multiple of 25?
False
Does 119 divide 37247?
True
Is 120 a multiple of 4?
True
Does 10 divide 82?
False
Is 16960 a multiple of 76?
False
Is 28 a factor of 8106?
False
Is 49 a multiple of 22?
False
Is 526 a multiple of 27?
False
Is 5 a factor of 2660?
True
Is 4 a factor of 620?
True
Does 79 divide 33733?
True
Is 37674 a multiple of 117?
True
Does 28 divide 469?
False
Is 25 a factor of 595?
False
Is 83056 a multiple of 29?
True
Does 32 divide 3872?
True
Does 3 divide 9443?
False
Is 94320 a multiple of 240?
True
Is 36 a factor of 1501?
False
Does 20 divide 1080?
True
Is 48384 a multiple of 14?
True
Is 51 a factor of 2489?
False
Is 16041 a multiple of 147?
False
Is 17 a factor of 5395?
False
Is 24 a factor of 72343?
False
Is 3 a factor of 260?
False
Is 11620 a multiple of 12?
False
Is 17508 a multiple of 5?
False
Is 130 a multiple of 13?
True
Is 53 a multiple of 3?
False
Is 52 a factor of 34268?
True
Is 13 a multiple of 2?
False
Does 43 divide 237?
False
Does 4 divide 48?
True
Is 95 a factor of 32680?
True
Does 25 divide 723?
False
Is 29 a factor of 11874?
False
Does 55 divide 493?
False
Is 8694 a multiple of 17?
False
Is 247 a factor of 36062?
True
Is 381 even?
False
Is 25 a factor of 800?
True
Is 25 a factor of 369?
False
Does 154 divide 21689?
False
Does 4 divide 132?
True
Is 78 a factor of 5694?
True
Does 16 divide 64272?
True
Is 3410 a multiple of 55?
True
Is 1484 a multiple of 15?
False
Does 46 divide 628?
False
Does 7 divide 1162?
True
Does 12 divide 3144?
True
Is 3996 a multiple of 37?
True
Is 14 a factor of 114884?
True
Is 63 a factor of 18883?
False
Is 205 even?
False
Does 82 divide 611?
False
Does 33 divide 330?
True
Is 277 a factor of 18559?
True
Is 54 a factor of 40446?
True
Is 3 a factor of 841?
False
Is 37 a factor of 11470?
True
Is 10 a factor of 2695?
False
Is 71856 a multiple of 48?
True
Is 6 a factor of 34182?
True
Does 10 divide 5650?
True
Is 83 a factor of 4316?
True
Does 18 divide 1607?
False
Is 1985 a multiple of 9?
False
Is 7 a factor of 197?
False
Does 43 divide 2451?
True
Is 16 a factor of 2448?
True
Is 21 a factor of 106090?
False
Is 53 a factor of 1219?
True
Is 21 a factor of 273?
True
Is 1185 a multiple of 8?
False
Is 897 a multiple of 39?
True
Is 11 a factor of 572?
True
Does 5 divide 67?
False
Does 10 divide 6576?
False
Is 551 a multiple of 19?
True
Is 28 a factor of 1363?
False
Is 57989 a multiple of 149?
False
Does 28 divide 11778?
False
Is 196 a multiple of 7?
True
Does 110 divide 35640?
True
Is 15 a factor of 11239?
False
Is 4 a factor of 164?
True
Does 2 divide 1046?
True
Does 18 divide 435?
False
Is 3924 a multiple of 109?
True
Is 91 a factor of 248?
False
Does 135 divide 44658?
False
Is 37 a factor of 15879?
False
Is 16 a factor of 2384?
True
Does 6 divide 4675?
False
Is 67581 a multiple of 27?
True
Is 8 a factor of 64?
True
Is 5 a factor of 20?
True
Is 60 a factor of 4443?
False
Is 48 a multiple of 6?
True
Is 5 a factor of 484?
False
Is 5544 a multiple of 66?
True
Is 26 a factor of 13303?
False
Is 2216 a multiple of 9?
False
Is 212 a multiple of 31?
False
Is 14 a factor of 112?
True
Does 130 divide 52000?
True
Is 1341 a multiple of 7?
False
Is 664 a multiple of 19?
False
Does 12 divide 4278?
False
Is 5785 a multiple of 4?
False
Is 1593 a multiple of 2?
False
Does 9 divide 756?
True
Does 6 divide 1051?
False
Does 5 divide 948?
False
Is 20 a factor of 40328?
False
Does 9 divide 10899?
True
Is 17688 a multiple of 24?
True
Does 24 divide 3720?
True
Is 29 a factor of 125686?
True
Does 22 divide 611?
False
Is 24054 a multiple of 57?
True
Is 132 even?
True
Is 8 a factor of 608?
True
Is 2829 a multiple of 47?
False
Is 53 a factor of 3396?
False
Does 191 divide 2348?
False
Is 31278 a multiple of 32?
False
Is 5 a factor of 461?
False
Is 548 a multiple of 4?
True
Is 145 a multiple of 5?
True
Does 6 divide 480?
True
Does 6 divide 270?
True
Does 3 divide 163?
False
Is 7659 a multiple of 111?
True
Is 899 a multiple of 3?
False
Does 53 divide 20147?
False
Is 4 a factor of 8184?
True
Does 8 divide 586?
False
Is 244 a multiple of 31?
False
Is 6004 a multiple of 79?
True
Is 11 a factor of 25806?
True
Is 11 a factor of 77?
True
Is 16596 a multiple of 7?
False
Does 116 divide 7570?
False
Does 15 divide 321?
False
Is 59 a factor of 24745?
False
Does 16 divide 3056?
True
Is 31 a factor of 124?
True
Is 7 a factor of 3364?
False
Is 209 a factor of 5643?
True
Does 6 divide 2022?
True
Does 84 divide 1016?
False
Is 6 a factor of 8658?
True
Is 17 a factor of 6885?
True
Is 13 a factor of 48113?
True
Does 41 divide 11085?
False
Is 856 even?
True
Does 9 divide 22021?
False
Is 12 a factor of 598?
False
Is 58 a multiple of 29?
True
Is 1044 a multiple of 50?
False
Is 576 a multiple of 38?
False
Is 1375 a multiple of 37?
False
Does 51 divide 9295?
False
Is 2160 a multiple of 60?
True
Is 13 a factor of 429?
True
Is 19 a factor of 1437?
False
Is 18 a multiple of 18?
True
Does 3 divide 137?
False
Is 32 a factor of 7712?
True
Is 47 a factor of 7708?
True
Is 15 a factor of 52669?
False
Is 28 a factor of 2968?
True
Is 18 a factor of 1854?
True
Does 11 divide 605?
True
Does 12 divide 2280?
True
Does 21 divide 14070?
True
Is 15 a factor of 11520?
True
Is 18 a factor of 774?
True
Is 2304 a multiple of 6?
True
Is 811 a multiple of 91?
False
Is 194 a factor of 10864?
True
Is 1350 a multiple of 15?
True
Is 2 a factor of 3093?
False
Is 2088 a multiple of 29?
True
Is 493 a multiple of 29?
True
Is 84 a factor of 29568?
True
Is 7 a factor of 12222?
True
Does 10 divide 3784?
False
Is 13 a factor of 224?
False
Is 12 a factor of 14484?
True
Is 4995 a multiple of 111?
True
Is 45 a factor of 675?
True
Is 79 a factor of 2048?
False
Does 14 divide 30002?
True
Is 29 a factor of 232?
True
Does 7 divide 819?
True
Does 22 divide 829?
False
Is 828 a multiple of 15?
False
Is 13 a factor of 191919?
True
Does 14 divide 280?
True
Does 25 divide 15096?
False
Is 536 a multiple of 22?
False
Is 20178 a multiple of 19?
True
Is 17 a factor of 2533?
True
Is 16 a factor of 352?
True
Is 61104 a multiple of 46?
False
Is 27 a factor of 37371?
False
Is 53 a factor of 2226?
True
Does 4 divide 15404?
True
Is 55276 a multiple of 7?
False
Does 43 divide 6880?
True
Is 482 a multiple of 30?
False
Is 3 a factor of 149?
False
Is 1680 a multiple of 12?
True
Does 65 divide 3185?
True
Is 84 a factor of 2086?
False
Is 6 a factor of 52?
False
Is 23962 a multiple of 64?
False
Is 24 a factor of 10700?
False
Does 33 divide 1132?
False
Is 6976 a multiple of 134?
False
Is 184 a multiple of 46?
True
Does 40 divide 1841?
False
Is 17 a factor of 540?
False
Is 458 a multiple of 5?
False
Is 492 a multiple of 98?
False
Is 12 a factor of 56839?
False
Is 1233 a multiple of 3?
True
Does 23 divide 23?
True
Does 43 divide 7310?
True
Does 18 divide 1116?
True
Is 114 a factor of 2964?
True
Does 10 divide 410?
True
Does 87 divide 4489?
False
Is 8 a factor of 312?
True
Does 8 divide 26304?
True
Does 126 divide 7286?
False
Is 4 a factor